{"id":134,"date":"2022-09-30T18:45:47","date_gmt":"2022-09-30T18:45:47","guid":{"rendered":"http:\/\/restauracja-aleksandria.pl\/?page_id=134"},"modified":"2022-09-30T18:45:47","modified_gmt":"2022-09-30T18:45:47","slug":"surowki-salatki","status":"publish","type":"page","link":"http:\/\/restauracja-aleksandria.pl\/index.php\/menu\/dania\/surowki-salatki\/","title":{"rendered":"Sur\u00f3wki \/sa\u0142atki"},"content":{"rendered":"<p class=\"fonts-plugin-block \" style=\"font-weight: normal;font-size: 25px;line-height: 1.5\">Sur\u00f3wka z bia\u0142ej kapusty<br>Czerwona kapusta<br>Sur\u00f3wka z kiszonej kapusty<br>Sur\u00f3wka wiosenna<br>Mizeria<br>Broku\u0142y gotowane z sosem czosnkowym<br>Buraczki z chrzanem<br>Og\u00f3rek korniszon lub kiszony<br>Zestaw sur\u00f3wek<br>Kapusta zasma\u017cana<br>Sur\u00f3wka marchewki<br>Sa\u0142atka gyros (z piersi\u0105 z kurczaka)<br><br>Dodatki<br>Frytki<br>Ziemniaki gotowane<br>Ziemniaki zasma\u017cane<br>Kluski \u015bl\u0105skie z sosem ( 10 szt.)<br>Sos pieczeniowy<br>Sos czosnkowy lub \u015bmietana<br>Chleb<br>Musztarda\/chrzan<\/p>","protected":false},"excerpt":{"rendered":"","protected":false},"author":1,"featured_media":0,"parent":82,"menu_order":0,"comment_status":"closed","ping_status":"closed","template":"","meta":[],"_links":{"self":[{"href":"http:\/\/restauracja-aleksandria.pl\/index.php\/wp-json\/wp\/v2\/pages\/134"}],"collection":[{"href":"http:\/\/restauracja-aleksandria.pl\/index.php\/wp-json\/wp\/v2\/pages"}],"about":[{"href":"http:\/\/restauracja-aleksandria.pl\/index.php\/wp-json\/wp\/v2\/types\/page"}],"author":[{"embeddable":true,"href":"http:\/\/restauracja-aleksandria.pl\/index.php\/wp-json\/wp\/v2\/users\/1"}],"replies":[{"embeddable":true,"href":"http:\/\/restauracja-aleksandria.pl\/index.php\/wp-json\/wp\/v2\/comments?post=134"}],"version-history":[{"count":1,"href":"http:\/\/restauracja-aleksandria.pl\/index.php\/wp-json\/wp\/v2\/pages\/134\/revisions"}],"predecessor-version":[{"id":135,"href":"http:\/\/restauracja-aleksandria.pl\/index.php\/wp-json\/wp\/v2\/pages\/134\/revisions\/135"}],"up":[{"embeddable":true,"href":"http:\/\/restauracja-aleksandria.pl\/index.php\/wp-json\/wp\/v2\/pages\/82"}],"wp:attachment":[{"href":"http:\/\/restauracja-aleksandria.pl\/index.php\/wp-json\/wp\/v2\/media?parent=134"}],"curies":[{"name":"wp","href":"https:\/\/api.w.org\/{rel}","templated":true}]}}